 -29) - 76.
-44
(8 - 2) + 47 + (-7 - 30)
16
What is the value of -30 + -15 + -3 + 30 - -8?
-10
What is the value of -46 + 44 + 2 + 26?
26
Calculate -28 - (4 + (-1 - -14 - 19) + 0).
-26
What is the value of 34 + -72 + 12 + (1 - -18)?
-7
Calculate 109 + -43 + 19 - 175.
-90
What is (-34 - (23 - 1)) + 46?
-10
Calculate 1 + 2 + 41 + (-94 - -67) - -61.
78
Evaluate 6 + -67 - (-78 - 21).
38
2 - ((0 - 6) + 269 + -250)
-11
77 - (57 + (-20 - -2))
38
Evaluate -17 + (-3 - -1) + (-68 - (-83 + 14)).
-18
What is the value of 67 + -54 + 21 - -56?
90
Calculate -57 + -9 - -51 - 26.
-41
(-37 + 84 - 93) + 32
-14
What is -20 - (-33 + (81 - 56))?
-12
What is the value of (25 - -6) + 4 + (4 - (-8 - -4))?
43
What is the value of 17 + 2 - (91 + (150 - 154))?
-68
What is 15 - (-6 - -23) - 8 - 4?
-14
Evaluate -2 + -9 - (-155 + 101).
43
What is the value of -18 + (122 - 18) + -44?
42
Calculate (-11 - 22 - 18) + 23 - -104.
76
-1 - -1 - (-91 - -105) - -2
-12
Evaluate -28 + 1 + -6 + (-52 - -12).
-73
What is the value of (-1 + -79 - ((-59 - -34) + 24)) + 16 + -5?
-68
(-22 - -7) + (-34 - -15 - -12)
-22
Evaluate 801 + -733 - (97 + 0).
-29
What is the value of 46 - (-16 + 88) - -42?
16
Calculate 5 + (-70 - -56) - -30.
21
What is the value of -2 + -11 - (-68 + (-46 - -17 - -34))?
50
What is the value of -72 + (24 - (-22 + 78) - -65)?
-39
Evaluate (-22 - -25) + -62 + -2 + 17 + -9.
-53
What is (2 + -5 - ((-6 - -9) + 5)) + (-57 - -34)?
-34
Evaluate 16 + -12 + -4 - -12.
12
Calculate (-66 + 70 + 58 - -34) + (-23 - 0).
73
What is the value of 9 - ((11 - -20) + -13 - -16)?
-25
-49 + (33 - -17) - (3 - 1 - 3 - -51)
-49
-3 + -42 - (-832 + 783)
4
(2 - (-3 - -5 - (-23 + 35))) + 0
12
What is the value of 8 + 1 + -24 + -34 + 61 + -6?
6
What is the value of 1 + 0 - (-154 + (94 - 8)) - 9?
60
Calculate -2 + 104 - (-83 - (-44 + -66)).
75
Calculate 0 + -6 + (19 + -3 - -7).
17
What is (-29 - 28 - -48) + (5 - 18)?
-22
Calculate (44 - 185) + 141 + 2 + (-2 - 12).
-12
Evaluate (-24 + 50 - 3) + (16 - 4).
35
What is the value of -2 + (3 - -3) + 9 + 30?
43
(-3 - 2) + -18 + 6 + 68
51
What is the value of 4 + (-27 + (-7 - -26) - (-22 + 1))?
17
What is the value of 1 - 5 - (-4 - ((-61 - -64) + (-6 - 0)))?
-3
Evaluate (4 - 2 - -20) + (-4 - (-1 + -4)) + -8.
15
What is -11 - (26 - (-2 + 11) - 10 - 7) - -43?
32
Evaluate 399 + -340 + -13 + -168 + -1.
-123
-150 + (141 - 90) + 69
-30
53 + (-98 - 15) + -5 + 1 + -4
-68
Evaluate -2 + 61 - (24 - (-38 - -46)).
43
What is the value of 5 - (3 + -1) - (-11 + 10 + 21 - -23)?
-40
What is -1 + (-58 - -32) - -49?
22
42 + (-53 - (48 + -6 + -39))
-14
What is the value of (84 - (57 + -73 - -45)) + (-2 - -1) + -8?
46
What is the value of -21 + (-4 - (-10 + 8)) + (-22 - -15) + -3?
-33
Calculate -1 + 4 + -4 + (-5 + 0 - (102 - 116)).
8
What is the value of 8 - (69 + (1 - -1) - (94 + -82))?
-51
What is the value of 46 - (49 + -60) - 125?
-68
-11 + 65 + 2617 + -2623 + 9 + -1 + 0
56
(32 - 37) + -5 + 27 + -38
-21
Calculate -3 + 2 + (36 + -37 - 1) + -19.
-22
What is the value of (55 - (2 + 7 + -10)) + (-29 - (-6 + -9))?
42
What is the value of (10 - -1) + 1977 + -1943?
45
(63 + -36 - -27) + -50
4
106 + -59 - ((6 - (-8 - 1)) + 12 + -19)
39
What is the value of -60 + 43 + 26 - (3 + -29) - (3 + -1)?
33
55 - 39 - (206 + -188)
-2
(-32 - (16 - 47)) + 2 + 3 + -51
-47
-35 + 22 - (7 + (18 - (10 - 3)))
-31
What is the value of (-11 - (10 - 45)) + -45?
-21
What is -216 + 67 + 156 + -46 + (-1 - 1)?
-41
(4 - 17) + -36 + 11 + 12
-26
What is the value of (-4 - 2) + 22 + (-9 - 2) + (-19 - -18)?
4
Calculate (-40 - -84 - 16) + -17 - (3 + 0 - 0).
8
What is the value of 2 + -12 + -1 - (-20608 - -20623)?
-26
What is the value of (2 + -2 - 15) + (78 - (21 - -59))?
-17
Evaluate 4465 + -4428 - (2 + -87).
122
Evaluate (7 - (113 + (5 - -13))) + (-18 - -9).
-133
What is -57 - (-19 + 9 - (-4 + 0 - (51 - 49)))?
-53
Evaluate (6 - (-7 + (9 - 18))) + (0 - -9 - 15).
16
What is the value of 97 + 154 + (-336 - -30)?
-55
What is the value of 21 - 19 - ((42 - 2) + (-1 - 0))?
-37
What is the value of 3 + -3 - -8 - (-3984 + 4007)?
-15
Calculate (23 + (-38 - -6) - (0 - 12)) + 14 + 8.
25
What is -4 + 3 + -8 + (-8 - -2 - (25 - 111))?
71
What is 11 + -71 + -96 + 77?
-79
Calculate (-4 - -6) + 10 + (107 - 132).
-13
What is the value of -25 + 112 + -68 + (-2 - 15)?
2
What is the value of -11 + -1 + (-101 - (-99 + 18))?
-32
What is (-17 + -3 - -1) + -4 + -37 + 1?
-59
What is (0 + -1 - -6) + -2 - (-9 + 52)?
-40
What is the value of -2 + 13 - (-84 + 83) - 45?
-33
Evaluate (2 - 3 - 4) + -9 + (14 - (35 + -37)).
2
0 + (-1 - 13) - (-14251 + 14194)
43
What is the value of -25 + -20 + 17 + -1 + -24?
-53
Evaluate 37 - -5 - (128 + -36 - -29).
-79
-6 - -16 - (1 + -11 + (-9 - -19) + -44)
54
Calculate -2140 + 2333 + (0 - 142).
51
Evaluate 83 - (3 - (-11 + (-14 + 3 - -17))).
75
What is (-8 - (7 + -12)) + (-11 + 2 - -17)?
5
What is 95 - (0 + 19 + (413 - 428) - 11)?
102
Evaluate -22 + -2 + -11 + -11 + 23 - 12.
-35
-10 + (7 - (8 - 1) - 9) + (2 - 18)
-35
What is (-1 - -34) + -44 + 2 + 14?
5
3 + (18 - 23) + -2 - (1 - 47)
42
What is the value of -2 + 137 - (20 - (-12 - -57) - (-1 + -10))?
149
Calculate 280 + -290 + 0 + 18 - (1 + -50 - -1).
56
Calculate (-51 - -14) + 26 - (-49 + 1 + 0).
37
What is the value of (574 - 569) + (-5 - -5 - -5) + 9?
19
Calculate -5 - (-4 - -49) - (103 + -108).
-45
What is the value of (-7 - (7 - 19)) + (15 + -4 - -13) + 89?
118
((-13 + 21 - -2) + -9 - -13) + -4
10
What is the value of (59 - (-10 - -4)) + 5 - (-16 - (-4 - 9))?
73
-10 + (-4 - -11) + (39 - 4)
32
What is the value of (518 - 535 - (-1 - 30)) + (15 - (-1 - -3))?
27
(1 - (2 + 2)) + (5 - 3) + (-588 - -605)
16
What is the value of -11 - (-13 - -5 - -30 - 42)?
9
Evaluate (70 - (2 - -1)) + (-21 - 2 - (603 - 631)).
72
Evaluate 20811 - 20803 - (3 + -1 + 124).
-118
Evaluate -1067 - -1058 - (-19 - 0) - (2 - -4).
4
What is (27 - 4 - (75 + -81)) + 32?
61
What is -5 - (42 + -35 + (4 - 4 - 89 - 1))?
78
Calculate -59 + -2 + -183 + -8 + 196.
-56
What is the value of 5 + (-23 - -8) - -10 - 14?
-14
What is the value of -1 - ((28 - 17) + -32) - 10?
10
Evaluate 35 + (-12 - (-3 - -36)).
-10
Calculate (50 - -67) + -34 + -162.
-79
-35 + 4 - ((12 - 41) + 15)
-17
What is the value of (0 - (-11 + 5)) + (-83 - -37)?
-40
(0 + -3 - 2 - -23 - 26) + 46
38
Calculate 34 + 8 - (53 + -34 - -89).
-66
Calculate -15 - (0 + -2) - (43 + 8 + -142 + -13).
91
What is -5 + (10 + -50 + (23 - 38) - 2)?
-62
(-14 - 7) + 27 + -21 - (-13 - -6)
-8
Calculate (14 - (-11 - (17 - 32))) + -24 + 3.
-11
What is -40 + (-4 + 1 + -17 - (-1 - 22 - -13))?
-50
What is the value of 7 - (-55 - (36 + -12 + -24))?
62
47 - (18 - 21) - (29 + -26)
47
What is 116 - (142 - (14 + 49))?
37
(-18 + 44 + 15 - -7) + (3 - 13)
38
What is the value of 3 - -8 - (42 + -65 + 39)?
-5
What is the value of 72 + (-99 - -76 - 89)?
-40
What is the value of (58 - 1) + (5 - 38) + 33?
57
What is 73 + -1 + 3634 + -3812?
-106
What is the value of 144 + -1 - (62 + (-191 - -66) + 85)?
121
-89 - (-8 + 21 + -70)
-32
-18 - (18 + 104) - (-36 + 0 + 22)
-126
Evaluate -96 - -23 - ((9 - (-4 - -9)) + -11).
-66
Evaluate 12 - (2 - -61) - 3 - -12.
-42
Evaluate -6 - (-80 + (6 - (5 + 6 - (-4 - -8)))).
75
Calculate -6 - ((-5 - (-5 + 8)) + -22 + -20).
44
-104 + (-115 - -13 - -312)
106
What is the value of 3 - (13 + -4 - 51 - -4)?
41
Calculate (31 - 2) + 898 + -918 + -16.
-7
-5 + (-37 - -36) + (-2 - 2 - (-1 + -1))
-8
What is the value of 15 - (-141 + 123 - (10 + -2 + 3))?
44
What is the value of 4 + -32 - (-21 - (-18 - -12)) - -8?
-5
What is 25 - (-68 - -52 - -94)?
-53
Evaluate -59 + 1 - (98 - (-1 + 111)).
-46
Calculate -12 - (-2999 - -2989 - (-16 + (2 - 3))).
-19
Calculate 0 + (-21 - 50) + (15 - (14 + -10)).
-60
Calculate 1607 - 1510 - (5 + (40 - 2)).
54
Calculate -43 - -128 - (-14 - -91).
8
What is the value of -267 + 224 + (18 - -1 - 12)?
-36
What is the value of -23 + 18 + (-43 + 23 - (3 - (-4 - -3)))?
-29
What is the value of 0 - (-9 + 4 + -1 - -17) - 11 - -5?
-17
What is -54 - (23 + -73 + 36)?
-40
What is 45 - (-5 + 2) - -3 - (-1248 - -1254)?
45
Calculate -9 + -2 + 8 + 236 + -234.
-1
Evaluate 260 + -244 + -71 + -5 + (2 - -5).
-53
Evaluate -7 + -16 + 27 + -5 + -5.
-6
Calculate -6 + 72 - (928 - 926).
64
Calculate 15 - 8 - ((-17 - 16) + 9).
31
What is the value of 32 + (4